lse
Let g(d) = 3*d - 10. Let f(r) = 3*r - 9. Let o(t) = 6*f(t) - 5*g(t). Let l be o(2). Suppose 0 = 2*k - 8, l*k + 0*k = 2*i - 566. Is i composite?
True
Suppose 136*o - 52617251 = 3547051 + 38918602. Is o a prime number?
False
Suppose -70*l = -65*l - 3*o - 1309417, -5*l + 8*o + 1309437 = 0. Is l a composite number?
False
Suppose -3*q = 2*q - 250. Let t = -46 + q. Let u(g) = 32*g**3 - 9*g**2 + 8*g - 5. Is u(t) a prime number?
True
Let h(n) = 38*n + 2. Let w(p) = -p - 6. Let c be w(0). Let j be h(c). Is (j/(-6))/(21/63) a composite number?
False
Let i(b) = -4*b + 58. Suppose 15 = 77*t - 72*t. Is i(t) prime?
False
Let w = -148282 + 569841. Is w prime?
True
Suppose 38 = -5*u - 4*s, -4*u - 7*s + 3*s = 32. Let p be 8*((963/u)/3)/1. Let m = -169 - p. Is m a composite number?
True
Let r(c) = c**3 + 14*c**2 + 27*c - 13. Let d be r(-9). Suppose -149 + d = -4*s. Suppose s = -3*m + 4*j + 891, 5*m - 4*j + 48 = 1525. Is m a prime number?
True
Let v(y) = 26*y**3 - 3*y**2 + 19*y - 15. Is v(3) a prime number?
False
Suppose -4*p - 1171059 = -4*g + 1268385, 0 = 2*g - p - 1219718. Is g prime?
False
Let u(v) = -444*v**2 + 79*v - 13. Let g be u(-7). Let q = -11293 - g. Is q a prime number?
False
Is -1*(4193473/(-7) - 1 - 69/161) a composite number?
False
Let s(w) = -2*w - 13. Let b be s(-5). Let k be -1 - 0/((-3)/b*3). Is (-1884)/4*(0/k - 1) prime?
False
Let p = 3013 + -1122. Suppose 4*a - 1480 = 4*j + 1052, -3*a = j - p. Is a prime?
True
Let t(s) = s**2 - 10*s + 11. Let q be t(8). Let y be (q/((-15)/(-6)))/(-3 - -2). Suppose y*w - 704 = 2018. Is w a prime number?
True
Let s(h) = -h - 11. Let q be s(-8). Let c be 3 - -1792 - (q - -2). Suppose 0 = -3*x - x + c. Is x a prime number?
True
Is 7363 - (2 - (14/(-21))/((-3)/36)) a prime number?
True
Let c = 15 + -4. Let q(y) = -65 + 74 + 14*y**2 + 47*y - y**3 - 46*y. Is q(c) prime?
True
Let s(m) = -2*m**3 - 15*m**2 + 7*m + 7. Let o be s(-11). Let z = o - 155. Is z a composite number?
True
Let b(z) = 4*z - 13. Let o(m) = -m**3 + 5*m**2 - 2*m - 7. Let p be o(3). Let i be b(p). Let q(r) = 8*r**2 + r - 32. Is q(i) a prime number?
True
Suppose 0 = d - 299*b + 302*b - 1189228, -b + 3567644 = 3*d. Is d a composite number?
False
Let p be 5 - (-1107 + 3 + -5). Let f = -32 + 237. Suppose -v + f = -p. Is v a composite number?
False
Let l be -5 - ((-56)/(-196) + (-181450)/(-14)). Let v = -8549 - l. Is v prime?
False
Let k(g) = -56*g**3 - 11*g**2 - 372*g + 64. Is k(-13) composite?
True
Let r(f) = 133*f**2 + 162*f + 3396. Is r(-41) a prime number?
True
Let v(n) = 168*n**2 + 24*n + 295. Is v(-10) a composite number?
True
Let y(p) = -6*p - 15. Let a(g) = -7*g - 14. Let d(m) = 5*a(m) - 6*y(m). Let k be d(-12). Is -1506*(-3 - (-20)/k) a composite number?
True
Suppose 15*q - 210 = -15*q. Suppose q*t - 67011 = -3*p, -2*p = -4*p. Is t a prime number?
False
Suppose -m + 1510183 = 2*x, 3*m - 6 = 9. Is x a prime number?
False
Let o = 1312438 - 761455. Is o composite?
True
Is (14/(-6) - -2)/((-157)/24212697) composite?
False
Let a = 3895322 - 2461785. Is a a composite number?
True
Let s = -26854 + 33453. Is s a prime number?
True
Suppose -26 = 8*z + 46. Let x be 121*((-4)/(-12))/((-3)/z). Suppose -x = -2*g + 3. Is g composite?
True
Suppose r = -8*r - 1071. Let m = r + 296. Is m a prime number?
False
Let w(a) = a**3 - 12*a**2 + 11. Let b be w(12). Suppose 6*j - 49 = b. Let x(h) = h**3 - 4*h**2 + 19*h + 3. Is x(j) prime?
False
Let t(n) = 217*n**2 - 284*n - 52. Is t(-39) prime?
False
Suppose 3*f + 3*l - 6415 + 24091 = 0, -11814 = 2*f - 4*l. Let k = -3240 - f. Is k prime?
True
Let x = -317367 - -546217. Is (-18)/108 + (x/12)/5 a prime number?
False
Let k(g) be the second derivative of -g**3/3 - 8*g**2 - 10*g. Let w be k(-8). Suppose -4*o = -3*y + 402 - 52, w = -4*y + o + 484. Is y composite?
True
Let s = -77 - -142. Suppose 2*j - s = 3. Is j + (-6 - -2) + 4 composite?
True
Let l(b) = -7*b + 20 - 68 + 1974*b**2 + 40. Is l(-1) a prime number?
True
Is 1343412/30 - (-7)/(-5) a prime number?
False
Is -10 - (675775/(-5) + 2) a prime number?
False
Suppose 2*i + 4*h - 30 = 0, 5*i + 3*h = 63 - 16. Suppose i*p - 35834 = 755. Is p composite?
False
Suppose -4*p + x = 22795, -30*p + 17095 = -33*p + x. Let s = -1661 - p. Is s a prime number?
False
Let r = 4205 + 994. Let x = -1238 + r. Is x a composite number?
True
Suppose 3*m + 12 = 3*v + 6*m, -3*v - 5*m + 20 = 0. Let d(o) = -o - 7. Let c be d(-25). Is (c + -17)*(177 - v) composite?
True
Let a(y) = -11135*y + 11147*y + y**3 + 26*y**2 + 81 + 58. Is a(-24) prime?
False
Let p = 9425 - 15785. Is -2 + 3 + p/(0 - 4) a prime number?
False
Suppose -901368 = -4*a - 2*h, -5*a = 33*h - 28*h - 1126715. Is a composite?
False
Let w = -32 + 32. Let a be (-3 + 4)/(1/1787). Suppose 2*t - 1527 - a = w. Is t prime?
True
Let s(b) = b**2 - 5*b - 2806. Let c be s(0). Let l = -1655 - c. Is l composite?
False
Suppose 166*k = 164*k + 1472. Let t = k + -107. Is t a composite number?
True
Suppose c - 70 = -c. Let z = 13 + c. Suppose 50*n - z*n = 674. Is n composite?
False
Let r be -9471 - (0*(-5)/20)/(-1). Let u = r + 16470. Is u composite?
True
Let m = 99392 + -7369. Is m composite?
True
Let k(v) = 2*v**3 - 15*v**2 + 3*v - 23. Let x be k(10). Suppose 4*n = -n - o + x, 3 = -o. Suppose -5*h = -2*h - n. Is h a composite number?
True
Suppose 103*g = 228*g - 102*g - 1906309. Is g prime?
True
Suppose 0*v - 19 = -2*v - r, r = 2*v - 21. Let i be (v/(-6))/(1/(-3)). Suppose -5*m + 2*m = i*l - 114, 4*l - 3*m = 75. Is l a prime number?
False
Let u be -8*2/4*(-4)/4. Suppose u*c = -28 + 280. Is c/6 - 1/2 a composite number?
True
Suppose 3*v - z - 1451 = 10489, z = -v + 3976. Is v a composite number?
True
Is 4401055/95 + (-35)/((-8645)/26) composite?
False
Suppose 514 = f + 1821. Let z = 3048 + f. Is z a composite number?
False
Let p(k) = -k**3 - 5*k**2 + 14*k - 25. Let a be p(-8). Suppose -a*x = -46*x - 151299. Is x a composite number?
False
Let j be 3/9*84/(-7). Is j*(-46)/16*(194 - 0) composite?
True
Is ((-9)/(-12)*-1)/(12/(-15220144)) a composite number?
False
Is 15977 - (2 + 3 + (-63)/(-21)) composite?
True
Let z = -368 + 367. Is z/(-75)*10 + (-395533)/(-15) composite?
True
Let b(j) = 3*j**2 - 76*j - 49. Let m be b(26). Let t(p) = 59*p**2 + 2*p - 10. Is t(m) prime?
False
Suppose -2*h + 197*q = 192*q - 301376, 452037 = 3*h - 3*q. Is h composite?
True
Is ((-7879856)/(-48)*(1 + 0))/((-11)/(-33)) a composite number?
False
Let m(g) = g**3 + 10*g**2 - 11*g - 11. Let i be m(-10). Let o(j) = 65*j**3 - 2*j + 1. Let u be o(1). Let a = u + i. Is a composite?
False
Let l be 8 + -3 - 3 - 5540. Is 1 + 3/((-9)/l) composite?
False
Let c(l) = -5*l + 155. Let q(z) = -2*z + 79. Let m(t) = 4*c(t) - 7*q(t). Is m(-10) composite?
False
Let u = 64 + -61. Suppose p = -0*p - n + 778, -2334 = -u*p + 4*n. Suppose 0*d = d - p. Is d composite?
True
Let j(f) be the first derivative of 4429*f**2/2 + 68*f - 213. Is j(3) prime?
False
Let g = 59516 - 21765. Is g prime?
False
Let d(l) = -430*l**3 - 5*l**2 - 44*l - 72. Is d(-7) a prime number?
True
Let h(n) = 11*n - 18. Let a be h(-4). Let t = a - -64. Suppose 0 = -t*y + 762 - 20. Is y a composite number?
True
Let d(c) = -c**3 + 3*c**2 + c. Let j be d(3). Suppose j*y = 677 + 1288. Is y a composite number?
True
Suppose 3*f = -2*j + 1138597, -3*f + 5*j + 244871 = -893775. Is f a composite number?
True
Suppose 0 = 5*s - 5*p - 116745, 2*s - 14*p = -10*p + 46694. Is s prime?
False
Suppose -4*y + 290425 = 3*h, 36*y = 35*y + 2*h + 72631. Is y composite?
False
Suppose -108 = 8*u - 17*u. Suppose 4*n - 5*b + u = 0, 5*n = 4*n + b - 2. Is 391 + n/(-4)*1*0 composite?
True
Let z(l) = 7*l - 39. Let v be z(6). Let j(t) = -4*t**2 + 37*t**3 + 34*t**v - 4 - 69*t**3 + 0*t**2 - 5*t. Is j(7) a prime number?
False
Let u = 34326 - 24265. Is u a composite number?
False
Let w = -2762 - -1404. Let v = w - 83. Let l = v + 2190. Is l a prime number?
False
Let o(w) be the third derivative of 51*w**5/10 - 3*w**4/8 + w**3/6 + 80*w**2 - 2*w. Is o(2) a composite number?
True
Let t = 30 - 39. Let f be 18/t*(-34)/4. Is (f*(-38)/(-4))/(27/54) prime?
False
Suppose 7*s + 25326 = -882. Let z = s + 5504. Let t = 2979 - z. Is t prime?
False
Let k = 3 + 13. Let m(a) = -301*a**2 + 300*a**2 - k*a - 13 - 8. Is m(-11) prime?
False
Suppose 0 = -5*j + 15, 3*w + 6*j - 5*j = 7126